at is 107b - 5?
1076
In base 16, what is ca + -33?
97
In base 11, what is -a1 + -2?
-a3
In base 15, what is -1 + 67b?
67a
In base 14, what is -442 - 5?
-447
In base 8, what is -352 + -2?
-354
In base 6, what is 1402 + 2?
1404
In base 6, what is 4 - 30?
-22
In base 3, what is -102 + 2212?
2110
In base 15, what is 0 - 87?
-87
In base 3, what is -10 + -10001?
-10011
In base 14, what is -6 + -6a?
-72
In base 14, what is 6 + 2?
8
In base 9, what is 114 + 3?
117
In base 7, what is 41 - -4?
45
In base 13, what is 1aa8 + 5?
1ab0
In base 4, what is 20112 - 2?
20110
In base 14, what is 1d + -ad?
-90
In base 14, what is a3 + -5?
9c
In base 8, what is 2 - -503?
505
In base 4, what is -2002223 - 11?
-2002300
In base 16, what is 3d1 - -3?
3d4
In base 12, what is 1b + -15?
6
In base 6, what is 114443 + 1?
114444
In base 12, what is -688 + 4?
-684
In base 5, what is 12024 + -1?
12023
In base 9, what is -1 - 1758?
-1760
In base 2, what is 101 - -1?
110
In base 11, what is -23 + -8?
-30
In base 7, what is 14 + 266?
313
In base 15, what is -2 - 1be?
-1c1
In base 7, what is -3222 + -4?
-3226
In base 11, what is 627 - 0?
627
In base 6, what is -222 - -2?
-220
In base 4, what is -30320 - 11?
-30331
In base 9, what is -7 + -1451?
-1458
In base 11, what is -44a5 + -2?
-44a7
In base 5, what is -4 - -3112?
3103
In base 2, what is 10 - 1001001?
-1000111
In base 7, what is 11 + -15?
-4
In base 11, what is -17 - 34?
-50
In base 9, what is -3612 + 0?
-3612
In base 3, what is 22 - 22?
0
In base 4, what is -3 + -212?
-221
In base 6, what is -2 - 342?
-344
In base 12, what is -2 - -14?
12
In base 4, what is 13 + 1301?
1320
In base 4, what is -3220 + 112?
-3102
In base 5, what is 2 - -10?
12
In base 5, what is 3202 - -32?
3234
In base 7, what is 53510 - -2?
53512
In base 9, what is -56 + -7?
-64
In base 8, what is 67240 - -2?
67242
In base 10, what is -232 + 4?
-228
In base 8, what is 554 + -1?
553
In base 4, what is -132122 + 30?
-132032
In base 11, what is 7 - 18?
-11
In base 7, what is 561 + -3?
555
In base 15, what is -4 + cbb?
cb7
In base 13, what is 15 + 1072?
1087
In base 7, what is -2 + -43?
-45
In base 11, what is -179 - -3?
-176
In base 3, what is -12 + -2011?
-2100
In base 7, what is 363 - 2?
361
In base 12, what is 0 - -2207?
2207
In base 16, what is -10 + -7?
-17
In base 11, what is 4 + -613?
-60a
In base 3, what is 12 - 1202?
-1120
In base 12, what is -3a + 5?
-35
In base 6, what is 5005 + 3?
5012
In base 5, what is -41122 - -3?
-41114
In base 15, what is -1864 + -2?
-1866
In base 16, what is 4 + -23?
-1f
In base 6, what is -4 + -21534?
-21542
In base 10, what is -37629 + 1?
-37628
In base 11, what is -1778 + -3?
-1780
In base 15, what is 193 + -2?
191
In base 13, what is -13a8 + -2?
-13aa
In base 8, what is 65 + 6?
73
In base 8, what is -123 - 5?
-130
In base 14, what is -1 - 3ab?
-3ac
In base 11, what is -676 + -5?
-680
In base 8, what is -4 - -572?
566
In base 7, what is 20 + -31?
-11
In base 7, what is 6 - 320?
-311
In base 9, what is 281 - -5?
286
In base 16, what is 66c + -1?
66b
In base 10, what is 5 + -4025?
-4020
In base 10, what is -756 + 6?
-750
In base 13, what is -5 - -1893?
188b
In base 3, what is 1 + 101?
102
In base 16, what is 3e + 132?
170
In base 5, what is -1133 + 3?
-1130
In base 15, what is 5c - 7?
55
In base 7, what is 53 - -6?
62
In base 2, what is 1101101010 + -10?
1101101000
In base 13, what is 950 - -5?
955
In base 8, what is 306 - 2?
304
In base 14, what is -5c0 - -13?
-5ab
In base 16, what is 0 + 1ef?
1ef
In base 10, what is -458 + -1?
-459
In base 12, what is -5 - -19?
14
In base 5, what is -202 + 210?
3
In base 11, what is -11381 - -1?
-11380
In base 15, what is -97 + 5?
-92
In base 13, what is 0 - -83?
83
In base 9, what is 252 + -6?
245
In base 13, what is 3 - 9?
-6
In base 16, what is 5 - -565?
56a
In base 9, what is 3 + -163?
-160
In base 13, what is 18 - 2c?
-14
In base 11, what is -9357 - 3?
-935a
In base 8, what is 7 + 124?
133
In base 8, what is 0 - 2661?
-2661
In base 6, what is -14 + -1254?
-1312
In base 3, what is 1010 - -2000?
10010
In base 5, what is -1021 - 220?
-1241
In base 12, what is 6 - b2a?
-b24
In base 10, what is -1288 - 4?
-1292
In base 5, what is 2 + 2014?
2021
In base 5, what is 12314 - 0?
12314
In base 9, what is 1814 - 0?
1814
In base 16, what is -5 + -1141?
-1146
In base 7, what is -53 - 152?
-235
In base 7, what is -146 - -11?
-135
In base 2, what is 11 + 1011111111100?
1011111111111
In base 11, what is -1 - -1808?
1807
In base 10, what is -2 - 99?
-101
In base 5, what is -1 - -112?
111
In base 9, what is -88 - 121?
-220
In base 10, what is -947 - -2?
-945
In base 3, what is -1010 + 121?
-112
In base 16, what is 444 + 2?
446
In base 6, what is 332331 - -5?
332340
In base 7, what is -4 - 15?
-22
In base 11, what is -3 - 1481?
-1484
In base 10, what is -43 - 25?
-68
In base 9, what is -4 + -8?
-13
In base 4, what is -121 - 220?
-1001
In base 4, what is -3 - -320?
311
In base 9, what is -7 + -42?
-50
In base 5, what is -1101 - 41?
-1142
In base 6, what is -2520 + -3?
-2523
In base 8, what is -3 + -174?
-177
In base 13, what is -5 + -53?
-58
In base 14, what is 3 - 63?
-60
In base 16, what is 2d8 - 2?
2d6
In base 7, what is 0 - 1250?
-1250
In base 5, what is -21 - 1214?
-1240
In base 9, what is 106 + 4?
111
In base 9, what is -1 + -157?
-158
In base 16, what is 36 - -1?
37
In base 6, what is -14 - 1341?
-1355
In base 16, what is -4 + -40?
-44
In base 4, what is -111020 + 1?
-111013
In base 13, what is 109a - 4?
1096
In base 11, what is -24 + -118?
-141
In base 11, what is 5 + 1?
6
In base 3, what is -12021 - 2?
-12100
In base 14, what is -552 + 0?
-552
In base 4, what is -2103 - 2?
-2111
In base 4, what is -2 - 30133?
-30201
In base 12, what is -3 - 12?
-15
In base 13, what is -5 - -25?
20
In base 6, what is -24 + 113?
45
In base 6, what is -4 + 15341?
15333
In base 2, what is 1001111 + 1?
1010000
In base 2, what is -1000110 + 110?
-1000000
In base 13, what is -22 - 3?
-25
In base 11, what is 177 - 1?
176
In base 11, what is 36 - 4?
32
In base 6, what is 2 + -10151?
-10145
In base 4, what is -11321230 + -10?
-11321300
In base 15, what is -5 - -14?
e
In base 16, what is 12 + 6?
18
In base 3, what is -12 + -1111?
-1200
In base 14, what is -513 + -1?
-514
In base 10, what is 0 - 54?
-54
In base 8, what is 0 - -233?
233
In base 4, what is -1 + 21300?
21233
In base 9, what is -5 - -126?
121
In base 16, what is -1bac - -3?
-1ba9
In base 7, what is -5 - -1600?
1562
In base 13, what is 3 - 15?
-12
In base 14, what is -3 - 309?
-30c
In base 14, what is -1 + 165?
164
In base 5, what is -1 - 2331?
-2332
In base 13, what is -3a - -2?
-38
In base 14, what is 6 - -23a?
242
In base 2, what is -1010 - -1011001?
1001111
In base 6, what is 14 + -21?
-3
In base 8, what is 20 + 1?
21
In base 13, what is 3a8 + 5?
3b0
In base 16, what is 671 - -1?
672
In base 14, what is -18d - 8?
-197
In base 15, what is 0 - -28?
28
In base 12, what is 11 + 62?
73
In base 14, what is -82 - 11?
-93
In base 14, what is -5 - -1148?
1143
In base 2, what is 111 + 11001111?
11010110
In base 8, what is -242 - -153?
-67
In base 5, what is 10 + -143044?
-143034
In base 9, what is 250 - -1?
251
In base 5, what is 1 + 1402?
1403
In base 3, what is 121 - 0?
121
In base 11, what is -9a5 + -1?
-9a6
In base 15, what is 107 + 4?
10b
In base 2, what is 1000000 + -11?
111101
In base 4, what is -11230 + 33?
-11131
In base 15, what is -38 + 4c?
14
In base 6, what is 53 + -30?
23
In base 7, what is -10212 + -3?
-10215
In base 5, what is -3 + 23204?
23201
In base 11, what is 16 - -198?
203
In base 7, what is -3020 - -6?
-3011
In base 12, what is -1b - -342?
323
In base 8, what is -1641 + -1?
-1642
In base 7, what is 352 - 5?
344
In base 13, what is -1 - -b?
a
In base 9, what is 343 + 10?
353
In base 11, what is -155 - -6?
-14a
In base 13, what is -26 - -2?
-24
In base 6, what is -115 + -5?
-124
In base 4, what is 3003 + 11?
3020
In base 2, what is 101101010 + -10?
101101000
In base 6, what is 2 - 213?
-211
In base 6, what is 22 - -215?
241
In base 4, what is 1103 + 203?
1312
In base 7, what is 0 + 6530?
6530
In base 7, what is -2 + -11452?
-11454
In base 6, what is 12 + 30?
42
In base 9, what is 3 + -1251?
-1247
In base 8, what is 15 - 421?
-404
In base 12, what